{"id":41193,"date":"2026-02-23T15:00:37","date_gmt":"2026-02-23T21:00:37","guid":{"rendered":"https:\/\/dsp.facmed.unam.mx\/?page_id=41193"},"modified":"2026-02-25T11:18:55","modified_gmt":"2026-02-25T17:18:55","slug":"docencia-en-salud-publica","status":"publish","type":"page","link":"https:\/\/dsp.facmed.unam.mx\/index.php\/docencia-en-salud-publica\/","title":{"rendered":"Docencia en Salud P\u00fablica"},"content":{"rendered":"[et_pb_section fb_built=&#8221;1&#8243; fullwidth=&#8221;on&#8221; _builder_version=&#8221;4.27.4&#8243; _module_preset=&#8221;default&#8221; da_disable_devices=&#8221;off|off|off&#8221; global_colors_info=&#8221;{}&#8221; da_is_popup=&#8221;off&#8221; da_exit_intent=&#8221;off&#8221; da_has_close=&#8221;on&#8221; da_alt_close=&#8221;off&#8221; da_dark_close=&#8221;off&#8221; da_not_modal=&#8221;on&#8221; da_is_singular=&#8221;off&#8221; da_with_loader=&#8221;off&#8221; da_has_shadow=&#8221;on&#8221;][et_pb_fullwidth_image src=&#8221;https:\/\/dsp.facmed.unam.mx\/wp-content\/uploads\/2026\/02\/Seminario.jpg&#8221; title_text=&#8221;Seminario&#8221; _builder_version=&#8221;4.27.4&#8243; _module_preset=&#8221;default&#8221; global_colors_info=&#8221;{}&#8221;][\/et_pb_fullwidth_image][\/et_pb_section][et_pb_section fb_built=&#8221;1&#8243; _builder_version=&#8221;4.27.4&#8243; _module_preset=&#8221;default&#8221; top_divider_style=&#8221;arrow2&#8243; top_divider_color=&#8221;#dbb64e&#8221; top_divider_height=&#8221;87px&#8221; top_divider_height_tablet=&#8221;48px&#8221; top_divider_height_phone=&#8221;31px&#8221; top_divider_height_last_edited=&#8221;on|phone&#8221; da_disable_devices=&#8221;off|off|off&#8221; global_colors_info=&#8221;{}&#8221; da_is_popup=&#8221;off&#8221; da_exit_intent=&#8221;off&#8221; da_has_close=&#8221;on&#8221; da_alt_close=&#8221;off&#8221; da_dark_close=&#8221;off&#8221; da_not_modal=&#8221;on&#8221; da_is_singular=&#8221;off&#8221; da_with_loader=&#8221;off&#8221; da_has_shadow=&#8221;on&#8221;][et_pb_row module_class=&#8221; et_pb_row_fullwidth&#8221; _builder_version=&#8221;4.17.0&#8243; _module_preset=&#8221;default&#8221; width=&#8221;89%&#8221; width_tablet=&#8221;80%&#8221; width_phone=&#8221;80%&#8221; width_last_edited=&#8221;on|desktop&#8221; max_width=&#8221;89%&#8221; max_width_tablet=&#8221;80%&#8221; max_width_phone=&#8221;80%&#8221; max_width_last_edited=&#8221;on|desktop&#8221; custom_margin=&#8221;0px||12px||false|false&#8221; custom_margin_tablet=&#8221;0px||||false|false&#8221; custom_margin_phone=&#8221;0px||||false|false&#8221; custom_margin_last_edited=&#8221;on|desktop&#8221; custom_padding=&#8221;0px||||false|false&#8221; make_fullwidth=&#8221;on&#8221; global_colors_info=&#8221;{}&#8221;][et_pb_column type=&#8221;4_4&#8243; _builder_version=&#8221;4.16&#8243; _module_preset=&#8221;default&#8221; custom_padding=&#8221;|||&#8221; global_colors_info=&#8221;{}&#8221; custom_padding__hover=&#8221;|||&#8221;][et_pb_text _builder_version=&#8221;4.27.4&#8243; _module_preset=&#8221;1da4c4f2-8e53-4788-a9f5-4d073216150a&#8221; text_font=&#8221;ABeeZee|700|||||||&#8221; text_text_color=&#8221;#11ace0&#8243; text_font_size=&#8221;49px&#8221; header_font=&#8221;ABeeZee||||||||&#8221; header_2_font=&#8221;Rozha One||||||||&#8221; header_2_text_color=&#8221;#003e51&#8243; header_2_font_size=&#8221;62px&#8221; header_2_line_height=&#8221;1.1em&#8221; text_orientation=&#8221;center&#8221; max_width=&#8221;800px&#8221; module_alignment=&#8221;center&#8221; custom_margin=&#8221;178px||||false|false&#8221; custom_margin_tablet=&#8221;100px||10px||false|false&#8221; custom_margin_phone=&#8221;57px||||false|false&#8221; custom_margin_last_edited=&#8221;on|tablet&#8221; custom_padding=&#8221;||23px||false|false&#8221; custom_padding_tablet=&#8221;||12px||false|false&#8221; custom_padding_phone=&#8221;||8px||false|false&#8221; custom_padding_last_edited=&#8221;on|phone&#8221; text_font_size_tablet=&#8221;30px&#8221; text_font_size_phone=&#8221;20px&#8221; text_font_size_last_edited=&#8221;on|phone&#8221; header_2_font_size_tablet=&#8221;34px&#8221; header_2_font_size_phone=&#8221;24px&#8221; header_2_font_size_last_edited=&#8221;on|phone&#8221; locked=&#8221;off&#8221; global_colors_info=&#8221;{}&#8221;]Aula Virtual<br \/>\n[\/et_pb_text][et_pb_divider color=&#8221;#120da3&#8243; divider_style=&#8221;double&#8221; divider_weight=&#8221;4px&#8221; _builder_version=&#8221;4.25.0&#8243; _module_preset=&#8221;default&#8221; width=&#8221;30%&#8221; module_alignment=&#8221;center&#8221; custom_padding=&#8221;0px||60px||false|false&#8221; custom_padding_tablet=&#8221;||30px||false|false&#8221; custom_padding_phone=&#8221;||16px||false|false&#8221; custom_padding_last_edited=&#8221;on|desktop&#8221; global_colors_info=&#8221;{}&#8221;][\/et_pb_divider][\/et_pb_column][\/et_pb_row][et_pb_row _builder_version=&#8221;4.27.4&#8243; _module_preset=&#8221;default&#8221; global_colors_info=&#8221;{}&#8221;][et_pb_column type=&#8221;4_4&#8243; _builder_version=&#8221;4.27.4&#8243; _module_preset=&#8221;default&#8221; global_colors_info=&#8221;{}&#8221;][et_pb_text _builder_version=&#8221;4.27.4&#8243; _module_preset=&#8221;default&#8221; border_radii=&#8221;on|9px|9px|9px|9px&#8221; box_shadow_style=&#8221;preset1&#8243; global_colors_info=&#8221;{}&#8221;]<iframe loading=\"lazy\" src=\"https:\/\/avsp.facmed.unam.mx\/form.html\" width=\"100%\" height=\"500\"><\/iframe>[\/et_pb_text][\/et_pb_column][\/et_pb_row][et_pb_row _builder_version=&#8221;4.27.4&#8243; _module_preset=&#8221;default&#8221; custom_margin=&#8221;||58px||false|false&#8221; custom_margin_tablet=&#8221;||42px||false|false&#8221; custom_margin_phone=&#8221;||22px||false|false&#8221; custom_margin_last_edited=&#8221;on|phone&#8221; global_colors_info=&#8221;{}&#8221; theme_builder_area=&#8221;post_content&#8221;][et_pb_column type=&#8221;4_4&#8243; _builder_version=&#8221;4.27.4&#8243; _module_preset=&#8221;default&#8221; global_colors_info=&#8221;{}&#8221; theme_builder_area=&#8221;post_content&#8221;][et_pb_text _builder_version=&#8221;4.27.4&#8243; _module_preset=&#8221;default&#8221; text_font_size=&#8221;15px&#8221; hover_enabled=&#8221;0&#8243; text_font_size_tablet=&#8221;15px&#8221; text_font_size_phone=&#8221;12px&#8221; text_font_size_last_edited=&#8221;on|phone&#8221; global_colors_info=&#8221;{}&#8221; theme_builder_area=&#8221;post_content&#8221; custom_margin=&#8221;54px||40px||false|false&#8221; sticky_enabled=&#8221;0&#8243;]\n<p style=\"text-align: center;\">Si tienes alg\u00fan problema para poder acceder al aula, comun\u00edcate con nosotros al correo: <strong>soporte.dsp@facmed.unam.mx<\/strong><\/p>\n[\/et_pb_text][\/et_pb_column][\/et_pb_row][\/et_pb_section]\n","protected":false},"excerpt":{"rendered":"<p>Aula Virtual Si tienes alg\u00fan problema para poder acceder al aula, comun\u00edcate con nosotros al correo: soporte.dsp@facmed.unam.mx<\/p>\n","protected":false},"author":1,"featured_media":0,"parent":0,"menu_order":0,"comment_status":"closed","ping_status":"closed","template":"","meta":{"_et_pb_use_builder":"on","_et_pb_old_content":"","_et_gb_content_width":"","footnotes":""},"class_list":["post-41193","page","type-page","status-publish","hentry"],"yoast_head":"<!-- This site is optimized with the Yoast SEO plugin v27.3 - https:\/\/yoast.com\/product\/yoast-seo-wordpress\/ -->\n<title>Salud P\u00fablica<\/title>\n<meta name=\"description\" content=\"Salud P\u00fablica\" \/>\n<meta name=\"robots\" content=\"index, follow, max-snippet:-1, max-image-preview:large, max-video-preview:-1\" \/>\n<link rel=\"canonical\" href=\"https:\/\/dsp.facmed.unam.mx\/index.php\/docencia-en-salud-publica\/\" \/>\n<meta property=\"og:locale\" content=\"es_ES\" \/>\n<meta property=\"og:type\" content=\"article\" \/>\n<meta property=\"og:title\" content=\"Salud P\u00fablica\" \/>\n<meta property=\"og:description\" content=\"Salud P\u00fablica\" \/>\n<meta property=\"og:url\" content=\"https:\/\/dsp.facmed.unam.mx\/index.php\/docencia-en-salud-publica\/\" \/>\n<meta property=\"og:site_name\" content=\"Salud P\u00fablica\" \/>\n<meta property=\"article:modified_time\" content=\"2026-02-25T17:18:55+00:00\" \/>\n<meta property=\"og:image\" content=\"https:\/\/dsp.facmed.unam.mx\/wp-content\/uploads\/2019\/02\/cropped-logo-dsp.png\" \/>\n\t<meta property=\"og:image:width\" content=\"512\" \/>\n\t<meta property=\"og:image:height\" content=\"512\" \/>\n\t<meta property=\"og:image:type\" content=\"image\/png\" \/>\n<meta name=\"twitter:card\" content=\"summary_large_image\" \/>\n<meta name=\"twitter:label1\" content=\"Tiempo de lectura\" \/>\n\t<meta name=\"twitter:data1\" content=\"1 minuto\" \/>\n<script type=\"application\/ld+json\" class=\"yoast-schema-graph\">{\"@context\":\"https:\\\/\\\/schema.org\",\"@graph\":[{\"@type\":\"WebPage\",\"@id\":\"https:\\\/\\\/dsp.facmed.unam.mx\\\/index.php\\\/docencia-en-salud-publica\\\/\",\"url\":\"https:\\\/\\\/dsp.facmed.unam.mx\\\/index.php\\\/docencia-en-salud-publica\\\/\",\"name\":\"Salud P\u00fablica\",\"isPartOf\":{\"@id\":\"https:\\\/\\\/dsp.facmed.unam.mx\\\/#website\"},\"datePublished\":\"2026-02-23T21:00:37+00:00\",\"dateModified\":\"2026-02-25T17:18:55+00:00\",\"description\":\"Salud P\u00fablica\",\"breadcrumb\":{\"@id\":\"https:\\\/\\\/dsp.facmed.unam.mx\\\/index.php\\\/docencia-en-salud-publica\\\/#breadcrumb\"},\"inLanguage\":\"es\",\"potentialAction\":[{\"@type\":\"ReadAction\",\"target\":[\"https:\\\/\\\/dsp.facmed.unam.mx\\\/index.php\\\/docencia-en-salud-publica\\\/\"]}]},{\"@type\":\"BreadcrumbList\",\"@id\":\"https:\\\/\\\/dsp.facmed.unam.mx\\\/index.php\\\/docencia-en-salud-publica\\\/#breadcrumb\",\"itemListElement\":[{\"@type\":\"ListItem\",\"position\":1,\"name\":\"Portada\",\"item\":\"https:\\\/\\\/dsp.facmed.unam.mx\\\/\"},{\"@type\":\"ListItem\",\"position\":2,\"name\":\"Docencia en Salud P\u00fablica\"}]},{\"@type\":\"WebSite\",\"@id\":\"https:\\\/\\\/dsp.facmed.unam.mx\\\/#website\",\"url\":\"https:\\\/\\\/dsp.facmed.unam.mx\\\/\",\"name\":\"SALUD P\u00daBLICA\",\"description\":\"El Departamento de Salud P\u00fablica de la UNAM se dedica a la docencia en medicina, investigaci\u00f3n en salud p\u00fablica y difusi\u00f3n del conocimiento al publico en general\",\"potentialAction\":[{\"@type\":\"SearchAction\",\"target\":{\"@type\":\"EntryPoint\",\"urlTemplate\":\"https:\\\/\\\/dsp.facmed.unam.mx\\\/?s={search_term_string}\"},\"query-input\":{\"@type\":\"PropertyValueSpecification\",\"valueRequired\":true,\"valueName\":\"search_term_string\"}}],\"inLanguage\":\"es\"}]}<\/script>\n<!-- \/ Yoast SEO plugin. -->","yoast_head_json":{"title":"Salud P\u00fablica","description":"Salud P\u00fablica","robots":{"index":"index","follow":"follow","max-snippet":"max-snippet:-1","max-image-preview":"max-image-preview:large","max-video-preview":"max-video-preview:-1"},"canonical":"https:\/\/dsp.facmed.unam.mx\/index.php\/docencia-en-salud-publica\/","og_locale":"es_ES","og_type":"article","og_title":"Salud P\u00fablica","og_description":"Salud P\u00fablica","og_url":"https:\/\/dsp.facmed.unam.mx\/index.php\/docencia-en-salud-publica\/","og_site_name":"Salud P\u00fablica","article_modified_time":"2026-02-25T17:18:55+00:00","og_image":[{"width":512,"height":512,"url":"https:\/\/dsp.facmed.unam.mx\/wp-content\/uploads\/2019\/02\/cropped-logo-dsp.png","type":"image\/png"}],"twitter_card":"summary_large_image","twitter_misc":{"Tiempo de lectura":"1 minuto"},"schema":{"@context":"https:\/\/schema.org","@graph":[{"@type":"WebPage","@id":"https:\/\/dsp.facmed.unam.mx\/index.php\/docencia-en-salud-publica\/","url":"https:\/\/dsp.facmed.unam.mx\/index.php\/docencia-en-salud-publica\/","name":"Salud P\u00fablica","isPartOf":{"@id":"https:\/\/dsp.facmed.unam.mx\/#website"},"datePublished":"2026-02-23T21:00:37+00:00","dateModified":"2026-02-25T17:18:55+00:00","description":"Salud P\u00fablica","breadcrumb":{"@id":"https:\/\/dsp.facmed.unam.mx\/index.php\/docencia-en-salud-publica\/#breadcrumb"},"inLanguage":"es","potentialAction":[{"@type":"ReadAction","target":["https:\/\/dsp.facmed.unam.mx\/index.php\/docencia-en-salud-publica\/"]}]},{"@type":"BreadcrumbList","@id":"https:\/\/dsp.facmed.unam.mx\/index.php\/docencia-en-salud-publica\/#breadcrumb","itemListElement":[{"@type":"ListItem","position":1,"name":"Portada","item":"https:\/\/dsp.facmed.unam.mx\/"},{"@type":"ListItem","position":2,"name":"Docencia en Salud P\u00fablica"}]},{"@type":"WebSite","@id":"https:\/\/dsp.facmed.unam.mx\/#website","url":"https:\/\/dsp.facmed.unam.mx\/","name":"SALUD P\u00daBLICA","description":"El Departamento de Salud P\u00fablica de la UNAM se dedica a la docencia en medicina, investigaci\u00f3n en salud p\u00fablica y difusi\u00f3n del conocimiento al publico en general","potentialAction":[{"@type":"SearchAction","target":{"@type":"EntryPoint","urlTemplate":"https:\/\/dsp.facmed.unam.mx\/?s={search_term_string}"},"query-input":{"@type":"PropertyValueSpecification","valueRequired":true,"valueName":"search_term_string"}}],"inLanguage":"es"}]}},"jetpack_sharing_enabled":true,"_links":{"self":[{"href":"https:\/\/dsp.facmed.unam.mx\/index.php\/wp-json\/wp\/v2\/pages\/41193","targetHints":{"allow":["GET"]}}],"collection":[{"href":"https:\/\/dsp.facmed.unam.mx\/index.php\/wp-json\/wp\/v2\/pages"}],"about":[{"href":"https:\/\/dsp.facmed.unam.mx\/index.php\/wp-json\/wp\/v2\/types\/page"}],"author":[{"embeddable":true,"href":"https:\/\/dsp.facmed.unam.mx\/index.php\/wp-json\/wp\/v2\/users\/1"}],"replies":[{"embeddable":true,"href":"https:\/\/dsp.facmed.unam.mx\/index.php\/wp-json\/wp\/v2\/comments?post=41193"}],"version-history":[{"count":6,"href":"https:\/\/dsp.facmed.unam.mx\/index.php\/wp-json\/wp\/v2\/pages\/41193\/revisions"}],"predecessor-version":[{"id":41271,"href":"https:\/\/dsp.facmed.unam.mx\/index.php\/wp-json\/wp\/v2\/pages\/41193\/revisions\/41271"}],"wp:attachment":[{"href":"https:\/\/dsp.facmed.unam.mx\/index.php\/wp-json\/wp\/v2\/media?parent=41193"}],"curies":[{"name":"wp","href":"https:\/\/api.w.org\/{rel}","templated":true}]}}